-1 - 1)). Let h be 5*(1 - (-4)/(-1)). Let b be (2800/h)/7*6/(-4). What is the highest common divisor of b and a?
8
Let d be -1 - (-3 + (3 - 25)). Let r be (16/(-6))/(22/d + -1). What is the highest common factor of 80 and r?
16
Let r be 5 - (3 + -2) - -1. Suppose -4*o + 61 = 5*g, r*g + 10 - 1 = o. Calculate the highest common factor of o and 154.
14
Let o be (3/4)/((-2)/(-8)). Let i = 10 + 0. Let y = -4 + i. What is the highest common divisor of o and y?
3
Let u be (-2)/((4/(-4))/2) + 98. Calculate the highest common divisor of 6 and u.
6
Suppose 0 = -5*k + 27 + 23. Let r be (k/6)/((-3)/(-9)). Suppose -3*l = 3*g - 22 - 38, 28 = l + r*g. What is the highest common divisor of l and 45?
9
Let o = 27 - 21. What is the highest common factor of 34 and o?
2
Suppose 20 = -4*l, -4*l = 3*w - 3*l - 10. Let z(r) = 5 - 2 - 4*r - w. Let y be z(-8). Calculate the highest common factor of y and 20.
10
Let n be 5 - 349 - (2 + (-4)/1). Let g be (-48)/112 - n/14. What is the highest common factor of g and 18?
6
Let n = -3 + 11. Suppose 0 = 19*p + 54 - 206. Calculate the greatest common divisor of p and n.
8
Let v(w) = -2*w**2 + w. Let r be v(0). Suppose 4*b = x + 7, x - 4*x + 3 = r. Calculate the greatest common factor of b and 10.
2
Let i be 2/(135/162*3/5). Let a be 48*(-1)/12*-4. Calculate the greatest common factor of a and i.
4
Suppose -3*h - 371 = -10*h. What is the highest common divisor of 371 and h?
53
Let k be 11/(11/(-40))*(-20)/50. Calculate the greatest common divisor of k and 1024.
16
Suppose 5*f - 93 = -3*i, -f + 0*i - 3*i = -9. Let a = 30 + -49. Let n = f + a. What is the greatest common factor of n and 4?
2
Let n be (2/(-6))/(1/(-15)). Let f be 1 - ((-2)/(-3) - 20/30). Suppose g = -f + 11. Calculate the highest common factor of n and g.
5
Let q(x) = -x**2 + 16*x - 56. Let c be q(10). Suppose -5*o = 4*l - 511, c*o - 5*l + l = 380. What is the greatest common divisor of o and 11?
11
Let f = 52 + -40. Suppose -3 - f = -5*m. Let n(p) = p - 3. Let k be n(4). Calculate the highest common divisor of k and m.
1
Let j(o) = 12*o - 2. Let d be j(2). Let h = 11 + -2. Let g = h + -7. Calculate the greatest common divisor of d and g.
2
Suppose 72 = 2*o + 2*m, 4*m = 4*o - 41 - 79. What is the greatest common factor of o and 121?
11
Let f = -23 - -24. Let s(n) = 3*n**2 + 7*n - 4*n - 3 - f. Let a be s(-3). What is the highest common factor of 28 and a?
14
Let h(c) = 28*c**3 + 4*c**2 - 6. Suppose p - 21 = -2*p - 3*k, k = 5. Let t be h(p). What is the highest common factor of t and 18?
18
Let p(m) = -m + 5*m - 3*m + 9*m. Let n be p(2). Suppose -4*k + 10 = -10. What is the greatest common divisor of n and k?
5
Let b(u) be the third derivative of -u**6/120 + 13*u**5/60 - u**4/3 - 14*u**3/3 - 29*u**2. Let o be b(11). What is the highest common divisor of 36 and o?
18
Suppose 0 = j + 185 - 45. Let p be 2/(-4*2/j). Let a = 8 - -6. What is the highest common divisor of a and p?
7
Suppose -5*j = -0*j - 480. Suppose z - 4*v - 20 = 5*z, 17 = -3*z - 4*v. Let q be (1*z - 147/(-35))*10. What is the highest common factor of j and q?
12
Let d(b) = 283*b + 13. Let t be d(3). Suppose 38 = 15*i - t. Calculate the highest common factor of 24 and i.
12
Let p be (-6)/57 - 19780/(-190). What is the highest common factor of 364 and p?
52
Let y(v) = v**2 + 2*v - 10. Let a be y(-7). Suppose a = -5*t - 5*w, t = -2*t + 5*w + 9. Let k be (t - 4)*1/(-2). What is the greatest common factor of 18 and k?
3
Let i = -227 - -248. Let u = 56 - -7. What is the highest common factor of u and i?
21
Let p(g) = -g**2 + 25*g - 45. Let r be 8/(-6)*((-594)/4)/9. Let t be p(r). Calculate the greatest common factor of t and 21.
21
Suppose 526 = 10*d - 34. Suppose -5*v + b + 220 = 0, v - 132 = -2*v + 5*b. Let u = -30 + v. Calculate the highest common divisor of d and u.
14
Suppose -3*g + 2147 = -229. Calculate the highest common factor of 33 and g.
33
Let g be ((-9)/(-6))/((-179)/(-88) + -2). Calculate the highest common divisor of g and 2.
2
Suppose 113 = 2*c - 0*z - 3*z, 3*z = -3*c + 207. What is the greatest common factor of c and 12?
4
Let c(u) = -u**2 - 13*u - 5. Let b be c(-4). Calculate the greatest common factor of b and 31.
31
Suppose 91*n - 52*n - 234 = 0. Let s = -5 + 9. Suppose s*u = 5*u - 15. Calculate the greatest common factor of n and u.
3
Suppose -95*y + 21054 = -73*y. Calculate the highest common factor of y and 87.
87
Suppose 52*t - 8640 = 43*t. Calculate the greatest common factor of 15 and t.
15
Let n(p) = -p**2 + 19*p + 2. Let h be n(11). Let z = 198 - h. Calculate the greatest common factor of 27 and z.
27
Suppose 0 = 4*l - 387 + 75. Let t = -63 + l. Calculate the greatest common factor of t and 90.
15
Let b be 21/2*(8 + 2). Suppose 0*i - 2*i = -10. Suppose 0 = -3*n + o + 61, i*o = 4*o + 2. Calculate the greatest common divisor of n and b.
21
Let u(x) = 2*x - 16. Let d be u(10). Suppose 0 = -m + d*q + 16, 4*m + 0*q - 28 = 4*q. Let p be 2/9 - 14/(-18). Calculate the greatest common divisor of m and p.
1
Let h = 85 - 80. Let q be 18 + (h + 5)/(-5). Calculate the greatest common factor of 208 and q.
16
Suppose -1056 = -5*h - 681. Calculate the highest common factor of h and 9.
3
Let v(k) = -k**2 + 12*k - 29. Let w be v(8). Suppose 0*f - 42 = -w*f. What is the highest common factor of 56 and f?
14
Let g be ((-29)/(-6)*-4)/((-2)/(-3)). Let l = 34 + g. What is the greatest common divisor of l and 40?
5
Suppose -640 = 7*g - 23*g. What is the highest common divisor of 1080 and g?
40
Let g = 44 - 43. Suppose -4*u + 53 = g. What is the highest common factor of 104 and u?
13
Suppose 3*z - 2 = -4*b, b = -0*b - 3*z - 4. Suppose -b*p + 25 = -65. What is the greatest common factor of p and 18?
9
Let r(n) = n**3 - 6*n**2 + 6*n - 2. Let l be r(4). Let j be (-1 + 81)*(-8)/l. Let s = -145 + 241. Calculate the greatest common divisor of j and s.
32
Suppose -5*o + 16 = -o. Suppose 2*i - 25 = 5*t, -o*t + 1 = -4*i + 21. Let k be (4 - i) + -4 + 84. What is the greatest common divisor of k and 28?
28
Let z be (-42)/189 + 1264/18. Suppose 0 = -3*t + 72 - 12. Let n be 138/10 - (-4)/t. Calculate the highest common factor of n and z.
14
Suppose -3*l - 9*u = -10*u - 104, 0 = -2*l + 2*u + 64. Calculate the greatest common factor of l and 180.
36
Let y = -183 - -623. Calculate the highest common divisor of y and 5.
5
Let o(i) = 18 + 11*i - 10*i + 8*i. Let t be o(6). What is the greatest common factor of 180 and t?
36
Let n = 207 + -203. What is the highest common divisor of n and 264?
4
Let f be -7*15*160/(-35). Calculate the highest common divisor of f and 15.
15
Suppose 1649 + 751 = 15*u. Let g be (-2)/6 - (-98)/6. What is the greatest common factor of u and g?
16
Suppose 0 = 2*o - 44 + 22. Calculate the highest common factor of o and 55.
11
Let l = -14 + -2. Let b = l + 28. What is the greatest common divisor of b and 96?
12
Suppose -5 + 0 = -g, -z + 5*g = -479. Suppose 0*c + 3*c = -z. Let v be ((-6)/4)/(18/c). Calculate the highest common divisor of 56 and v.
14
Suppose -9*h + 1 - 10 = 0. Let r be (-8 - h)*(-1 - 0). What is the highest common divisor of 28 and r?
7
Suppose -x - 2*x + 153 = 0. Let w = x + -9. Suppose -5*l + c = -33, -3*l + 3*c - 6*c = -9. What is the greatest common divisor of w and l?
6
Let t(i) = -8*i + 116. Let o be t(9). Calculate the highest common factor of 11 and o.
11
Suppose d = 5, 3*o - 2*d - 95 = -2*o. Let y be ((-7)/(21/2))/((-1)/21). What is the highest common divisor of o and y?
7
Let k(y) = 3*y**2 + 25*y + 106. Let p be k(-4). Calculate the greatest common divisor of p and 54.
54
Let g(i) = -i - 5. Let h be g(-6). Let p be 8/(-24)*0/h. Suppose w - x - 1 = p, 0 = 2*w + 3*x - 6 - 1. Calculate the greatest common factor of 6 and w.
2
Suppose -3*o + 179 - 59 = 0. Let s = -34 + -9. Let d = s - -53. Calculate the greatest common factor of d and o.
10
Let h = 32 + -21. Let f = -11 + h. Let x = 2 + f. Calculate the greatest common divisor of x and 2.
2
Let v be ((-92)/(-115))/(2/10). Suppose -v*j + 7*j - 108 = -u, -368 = -3*u + 2*j. Calculate the greatest common divisor of u and 15.
15
Suppose -4*a = 4*a - 144. Calculate the greatest common divisor of a and 45.
9
Let f(d) = 7 - 12*d**2 + 7*d**2 + 0 + 9*d - d**3. Let o be f(-7). What is the highest common divisor of o and 6?
6
Let h = 12